 What is the units digit of l(-5)?
8
Let k(n) = -n**2 - 8*n - 1. Let s be k(-7). Suppose 2 - s = r, -4*r = -5*x + 16. What is the units digit of (11 - 5) + x + 2?
8
Let m = -15 + 57. Suppose 2*w - m - 40 = 0. Let i = w - 26. What is the tens digit of i?
1
Suppose -y = 4*y - 240. What is the units digit of y?
8
Let g(b) = 2*b**2 + 0*b**2 + b**2 + 6*b**2. What is the units digit of g(-1)?
9
Let h be (-1 + 7)*2*-1. Let c = -1 - h. What is the tens digit of c?
1
Let r be 0/2 + 9/(-3). Let q be (-2 + 2 - r) + 2. Suppose q*z - 13 = 7. What is the units digit of z?
4
Let z(f) be the first derivative of -f**4/4 - 2*f**3 + f**2/2 - 3*f + 2. Let a be z(-6). What is the units digit of -1 - (0 - 0) - a?
8
Suppose 3*r - 2*r = -2, 1184 = 5*c + 3*r. What is the hundreds digit of c?
2
Suppose -2*s + 28 = 2*a, -2*s = 3*a - 2*a - 32. Suppose s = 5*c - 7. Suppose -c*k - 5*j = -3*k - 13, -2*j = 2*k - 16. What is the units digit of k?
9
What is the tens digit of 256/((-16)/(-4)) + -3?
6
Let z be (0*3/(-9))/(-2). Suppose a + 34 = -5*d - 2*a, z = -4*d - 2*a - 28. What is the units digit of (1/(-1) - d)*1?
7
Suppose -20 + 5 = -5*x. Suppose 0 = x*y - 13 - 68. What is the units digit of y?
7
Let t(f) = 2*f**2 + 9*f - 3. Let k be t(-5). Suppose -w = -b - 44, -k - 57 = -w - 2*b. What is the units digit of w?
9
What is the tens digit of -5*(-8)/140 + (-178)/(-14)?
1
Suppose -41*p = -39*p - 552. What is the hundreds digit of p?
2
Suppose 2*p = -2*p + 8. Suppose -p*r = -r - 4. Suppose -r*s + 4*a = -0*s - 48, 2*a = -4*s + 66. What is the units digit of s?
5
Let z be 4/4*(0 - -3). Let h be (6/(-2))/(z/(-2)). Suppose -t + h = -3. What is the units digit of t?
5
Suppose s + 3*v = -5, 5*s - v - 2 - 5 = 0. Let f = 6 + s. What is the units digit of f?
7
Let m be 3/(-3) + -1 - 1. Let h be (0 - (-6)/m) + 91. Suppose h = 5*a + 2*b, b + 51 = 5*a - 32. What is the units digit of a?
7
Suppose 6*m = 4*m - s - 14, 0 = 3*m - 2*s + 7. Let n = m + 18. What is the units digit of n?
3
Let a(t) = 4*t - 4. Let u be a(5). Suppose 0*j + 5*s + 34 = 3*j, -4*s - u = -j. What is the tens digit of (-1 + -1)/((-1)/j)?
1
Let i(g) = g**3 + 12*g**2 - 12*g - 3. Let j be i(-13). Let h = j + 38. What is the tens digit of h?
2
Suppose -3*l - l = 160. Let w = -10 - l. Suppose 3 = -3*t + w. What is the units digit of t?
9
What is the tens digit of (-1731)/(-9) + 6/9?
9
Let w(o) = o**2 - 4*o. Let r(s) = s**2 - 3*s. Let d(f) = -5*r(f) + 4*w(f). Let a be d(-2). What is the units digit of (-1 - 22/a) + 2?
2
Let b = -5 + 10. Let v = b + 0. Suppose 0 = -w - v*l - 5 - 11, 5*l = 4*w - 36. What is the units digit of w?
4
Suppose o - 3 = 1. Suppose 2*l - 17 = -o*z + 29, 3*l - 3*z = 42. What is the units digit of l?
7
Let x = -95 + 208. What is the hundreds digit of x?
1
Suppose -5*p - 7 + 32 = 0. Suppose -5*t + 26 = 1, -l = -p*t + 20. Suppose -16 = -l*b + b. What is the units digit of b?
4
Let c = 34 + -14. Suppose -3*n - 101 = -4*d, -2*d + 3*d + n = c. Suppose -q + 3*u + d = 4*q, -3*u = 4*q - 40. What is the units digit of q?
7
Suppose -43 = -3*a + 2. Let n = a + -11. Suppose 12 = -y - 4*i, n + 8 = y - 2*i. What is the units digit of y?
4
Let r(g) = 8*g + 7 - g**2 + 0*g**2 + 5. Suppose 0 = -4*p + 4*n + 40, -n = -0 + 1. What is the units digit of r(p)?
3
Suppose -13 = 3*p + 5*q, -6*q - 12 = 4*p - 2*q. Let t be (p - -4)*(-1 - -3). Let w = -2 + t. What is the units digit of w?
4
Suppose -7*d + 25 = -2*d. Suppose 0 = -d*n - 1 + 36. What is the units digit of n?
7
Let i(a) = -a + 2. Let m be i(0). What is the units digit of 1/((-1)/(-3)) - m?
1
Let m = 9 + -6. What is the units digit of (m + -2*1)*1?
1
Suppose -r + 3*d + 52 = -0*d, -5*d - 56 = -r. What is the units digit of r?
6
Suppose a - 7 = 11. What is the units digit of a?
8
Let t = 14 - -68. What is the units digit of t?
2
Suppose 0 = -4*b + 5*k + 551, -5*b - 4*k + 114 = -585. What is the units digit of b?
9
Let i = 10 + -4. Suppose -j + 2 = -i. What is the units digit of j?
8
Suppose -4*m = -5*a - 373, -3*m + 2*m + 88 = 4*a. What is the units digit of m?
2
Suppose 2*a - 401 = -65. What is the units digit of a?
8
Let x(q) = 80*q**2 - 1. What is the units digit of x(1)?
9
Suppose 3*r - 165 = 3*t, r + 2*t + 164 = 4*r. What is the units digit of r?
4
Let f = 66 + -20. What is the tens digit of f?
4
Let j be 15 - (3 + (-1 - -1)). Let h = 43 - j. What is the tens digit of h?
3
Let w(z) = -3*z - 4. Let t be w(-6). Let h = 26 - t. What is the units digit of h?
2
Suppose 0 = 2*w - 127 - 9. What is the tens digit of w?
6
Let q = -293 - -33. What is the tens digit of ((-12)/15)/(4/q)?
5
Let x(a) = -12*a**3 + a**2. Let b be x(1). Let j = -8 - b. What is the units digit of j?
3
Let g be (0 + -129)/(-3) + 0. Suppose g + 37 = 5*s. Let y = s - 2. What is the tens digit of y?
1
Let a(g) = 2*g**3 - 2*g**2 + 2*g - 2. What is the tens digit of a(2)?
1
What is the tens digit of (4/(-5))/((-1)/30)?
2
Let k(h) = -2*h**3 + h**2 + h. Let o be k(-1). Suppose 0 = 4*n - o*n - 10. Let r = n - 2. What is the units digit of r?
3
Let v = -1 - -3. Suppose 3*d = -v*d - 4*i + 22, 12 = 3*d + 2*i. What is the units digit of d?
2
Let t(s) = -s**2 - 8*s - 3. Let l be t(-8). Let n = 6 + l. Suppose -2*o + 24 = -3*m - m, -4*m - 28 = -n*o. What is the units digit of o?
4
Let p(s) = -s**3 - 7*s**2 - 2*s - 9. Let i be p(-7). Let w = -2 + i. What is the units digit of (-14)/(-3)*w/2?
7
Let q(i) = 31*i + 25. What is the tens digit of q(4)?
4
Let i(a) = a**3 + 3*a**2 - a - 1. Let q be i(-3). Let o be (q/3)/((-8)/(-300)). Let s = 38 - o. What is the tens digit of s?
1
Suppose -1 = -p - 7. Let t be (-14)/(-4) + (-3)/p. Suppose t*x - 12 + 4 = 0. What is the units digit of x?
2
Let r be (-20)/2*3/6. Let m be r/2*(-16)/10. Suppose 0*o = m*o - 36. What is the units digit of o?
9
Let p(v) = -3*v + 2. Suppose -21 = -3*n + 3*o - 0, 2*n - 4*o - 22 = 0. Suppose n*f - 6 = 0, -2*s + 0*s - 4*f + 4 = 0. What is the units digit of p(s)?
8
Let h = -8 - 0. Let l = h + 11. Suppose 5*q - l*q = -2*b + 16, 2*q - 1 = 3*b. What is the units digit of b?
3
Let d = -4 - 1. Let z(o) = o + 7. Let l be z(d). Suppose l*r - 2*g = -6*g - 6, -2*g = 4*r - 18. What is the units digit of r?
7
Suppose 0 = 3*l - 2*r + 40, 5 = 6*l - 4*l + 5*r. Let p = l - -40. What is the tens digit of p?
3
Let t = 3 - 6. Let x be t/(-6) - 2/(-4). What is the units digit of x/(-4) - 25/(-4)?
6
Suppose 0 = -3*k + 21 - 3. Let f = k + -10. Let b = -2 - f. What is the units digit of b?
2
Suppose 0 = -5*k + 15 - 5. Suppose 6*f = k*f + 12. Suppose 18 - 51 = -f*w. What is the units digit of w?
1
Suppose -5*f - 5 = 2*g - 4*f, -4*g - 3 = -5*f. Let s be (g + (-8)/(-10))*-5. Suppose b = -m + 4, m = b + 3*m - s. What is the units digit of b?
2
Suppose -x = 2*k, -x - 3*x + 5 = 3*k. Suppose x*l - 15 = 13. What is the tens digit of l?
1
Let p be (0 - 3) + -7 + 13. What is the tens digit of p + (-3 - 0) + 10?
1
Let v = -106 + 326. What is the tens digit of v?
2
Let g(x) = -11*x + 1. Let y(l) = 21*l - 2. Let d(c) = 13*g(c) + 6*y(c). Let f be d(-1). Let p = f - 4. What is the units digit of p?
4
Suppose 0 = -4*s + s - 15. Let a(z) = -z**3 - 5*z**2 - 2*z - 5. Let n be a(s). What is the units digit of 1*n - (4 - 5)?
6
Let v = 10 + -1. Suppose -3*p + v = 0, 5*m = -4*p + 85 - 18. What is the units digit of m?
1
Suppose 0 = 2*u - 106 - 204. What is the units digit of u?
5
Suppose -10 = 5*k - 2*b - b, -2*b + 11 = k. Suppose -5*y + k = -4*y. Suppose -3 = -t - y. What is the units digit of t?
2
Suppose -9 = -4*y + y. Suppose y*z = -2*z + 65. What is the tens digit of z?
1
Suppose -1500 = -74*j + 69*j. What is the hundreds digit of j?
3
Suppose -4*l = 8, -5*y - 5*l - 27 - 83 = 0. Let p = -12 - y. What is the units digit of p?
8
Let y = -10 - -52. What is the units digit of y?
2
Let l(q) = -q**3 + 15. Let x(s) = -s**2 - 5*s. Let m be x(-5). Suppose g + 2*g = m. What is the tens digit of l(g)?
1
Let v = -2 + 2. Suppose v = 6*w - w - 160. What is the tens digit of w?
3
Let d = 112 - 19. Suppose 0 = f - 3*c - 27, -f - 3*c + d = 3*f. What is the tens digit of f?
2
Suppose s + 2*s - 2*a - 15 = 0, 2*a + 12 = 2*s. Suppose -2*m - 13 + 3 = -4*g, 0 = g - s. Let u = m + 1. What is the units digit of u?
2
Suppose 99 = 3*d + h + 22, -2*d = -4*h - 28. What is the tens digit of d?
2
Let w(n) = -4*n - 8. Let s